culate the greatest common factor of 279 and 1341.
9
Calculate the greatest common divisor of 671 and 44.
11
Calculate the greatest common divisor of 221 and 17.
17
What is the highest common divisor of 18669 and 49?
49
Calculate the highest common divisor of 2304 and 117.
9
Calculate the greatest common divisor of 592 and 481.
37
What is the greatest common factor of 85 and 15?
5
What is the greatest common factor of 5232 and 48?
48
Calculate the highest common divisor of 8918 and 49.
49
What is the highest common divisor of 4086 and 18?
18
Calculate the greatest common factor of 12 and 2636.
4
Calculate the highest common factor of 529 and 23.
23
Calculate the highest common factor of 4188 and 4.
4
Calculate the greatest common factor of 28 and 448.
28
Calculate the greatest common factor of 68 and 1564.
68
Calculate the highest common factor of 8 and 1940.
4
Calculate the greatest common divisor of 1740 and 60.
60
Calculate the greatest common divisor of 195 and 52.
13
Calculate the highest common factor of 150 and 45.
15
Calculate the highest common factor of 942 and 6.
6
Calculate the highest common factor of 11664 and 48.
48
What is the greatest common factor of 174 and 4118?
58
Calculate the highest common factor of 321 and 96.
3
What is the highest common divisor of 192 and 348?
12
What is the highest common factor of 51 and 21?
3
Calculate the highest common divisor of 62 and 13826.
62
Calculate the highest common factor of 168 and 14.
14
Calculate the greatest common factor of 2538 and 270.
54
What is the highest common divisor of 2 and 121?
1
Calculate the greatest common factor of 481 and 26.
13
Calculate the highest common factor of 140 and 875.
35
What is the highest common factor of 1105 and 170?
85
What is the greatest common factor of 5412 and 132?
132
Calculate the greatest common divisor of 50 and 14.
2
What is the highest common factor of 35 and 175?
35
What is the highest common divisor of 17 and 187?
17
What is the greatest common divisor of 513 and 162?
27
What is the greatest common factor of 1269 and 54?
27
What is the highest common factor of 322 and 70?
14
Calculate the greatest common divisor of 12288 and 12.
12
What is the greatest common factor of 1162 and 21?
7
What is the greatest common factor of 4984 and 3204?
356
Calculate the highest common factor of 305 and 10309.
61
What is the greatest common divisor of 10 and 730?
10
What is the highest common divisor of 6 and 6?
6
What is the highest common divisor of 6 and 1158?
6
Calculate the greatest common factor of 5432 and 112.
56
What is the highest common divisor of 234 and 3258?
18
Calculate the greatest common factor of 1682 and 406.
58
Calculate the greatest common divisor of 78 and 26.
26
What is the greatest common factor of 204 and 876?
12
What is the greatest common divisor of 62 and 8742?
62
What is the highest common factor of 40 and 360?
40
Calculate the greatest common divisor of 116 and 29.
29
Calculate the highest common factor of 53 and 2279.
53
What is the greatest common factor of 18 and 1299?
3
Calculate the greatest common divisor of 42 and 224.
14
What is the highest common divisor of 4194 and 486?
18
Calculate the highest common divisor of 356 and 267.
89
What is the greatest common factor of 275 and 25?
25
Calculate the highest common factor of 629 and 74.
37
Calculate the highest common divisor of 32 and 20.
4
Calculate the greatest common factor of 2940 and 40.
20
Calculate the highest common factor of 96 and 5736.
24
What is the greatest common factor of 57 and 45429?
57
What is the highest common divisor of 129 and 121389?
129
What is the highest common divisor of 161 and 69?
23
What is the highest common divisor of 637 and 1225?
49
What is the highest common divisor of 3245 and 55?
55
Calculate the greatest common divisor of 6 and 39.
3
What is the highest common factor of 88 and 33?
11
Calculate the greatest common divisor of 103 and 1545.
103
What is the highest common divisor of 4 and 4124?
4
Calculate the highest common divisor of 268 and 871.
67
What is the greatest common divisor of 3510 and 45?
45
What is the highest common factor of 817 and 1064?
19
Calculate the highest common divisor of 735 and 3381.
147
What is the greatest common divisor of 540 and 13284?
108
What is the greatest common factor of 238 and 322?
14
What is the greatest common factor of 131 and 14410?
131
Calculate the highest common factor of 21 and 1344.
21
What is the greatest common divisor of 12 and 4908?
12
What is the highest common divisor of 931 and 19?
19
What is the greatest common factor of 99 and 171?
9
What is the greatest common divisor of 5 and 3465?
5
Calculate the greatest common factor of 320 and 5.
5
Calculate the highest common divisor of 846 and 24.
6
What is the greatest common divisor of 448 and 28?
28
Calculate the greatest common divisor of 805 and 1288.
161
What is the highest common divisor of 342 and 15219?
171
What is the greatest common factor of 920 and 190?
10
What is the highest common factor of 10 and 135?
5
What is the greatest common divisor of 2175 and 375?
75
Calculate the greatest common divisor of 112 and 140.
28
Calculate the greatest common divisor of 1649 and 68.
17
Calculate the highest common factor of 8 and 6728.
8
Calculate the highest common factor of 621 and 567.
27
Calculate the greatest common divisor of 28 and 168.
28
What is the highest common factor of 34195 and 70?
35
Calculate the greatest common divisor of 10 and 790.
10
What is the greatest common factor of 16 and 244?
4
Calculate the highest common divisor of 510 and 68.
34
What is the greatest common factor of 6365 and 10?
5
Calculate the highest common divisor of 1490 and 10.
10
Calculate the highest common factor of 11 and 12617.
11
What is the highest common divisor of 42 and 14?
14
What is the highest common factor of 926 and 10?
2
What is the greatest common factor of 102 and 357?
51
Calculate the highest common divisor of 6942 and 78.
78
Calculate the greatest common divisor of 168 and 96.
24
Calculate the highest common factor of 108 and 1107.
27
What is the greatest common divisor of 1470 and 2352?
294
Calculate the greatest common factor of 171 and 456.
57
What is the greatest common divisor of 320 and 3320?
40
What is the highest common factor of 72 and 2280?
24
What is the greatest common divisor of 30 and 765?
15
Calculate the greatest common factor of 3 and 244.
1
What is the highest common factor of 64 and 3488?
32
Calculate the greatest common factor of 152 and 14744.
152
What is the greatest common factor of 510 and 612?
102
What is the greatest common divisor of 2 and 53?
1
What is the highest common divisor of 2 and 3662?
2
Calculate the highest common factor of 22 and 8.
2
Calculate the highest common factor of 7 and 8057.
7
What is the highest common factor of 147 and 456?
3
Calculate the highest common divisor of 27 and 27108.
27
What is the greatest common factor of 10 and 2490?
10
Calculate the greatest common divisor of 126 and 9.
9
Calculate the greatest common divisor of 2112 and 66.
66
What is the highest common divisor of 201 and 469?
67
Calculate the highest common divisor of 11531 and 91.
13
What is the greatest common divisor of 2660 and 228?
76
What is the greatest common factor of 133 and 19?
19
Calculate the highest common factor of 1394 and 246.
82
Calculate the greatest common factor of 11 and 75581.
11
What is the highest common factor of 160 and 60?
20
Calculate the greatest common factor of 11 and 374.
11
What is the highest common factor of 546 and 78?
78
Calculate the highest common divisor of 2682 and 180.
18
Calculate the greatest common divisor of 2 and 82.
2
What is the highest common factor of 217 and 413?
7
What is the greatest common divisor of 130 and 78?
26
Calculate the greatest common divisor of 16 and 1920.
16
What is the greatest common divisor of 429 and 33?
33
Calculate the highest common divisor of 992 and 704.
32
What is the greatest common factor of 63 and 77?
7
Calculate the greatest common divisor of 25 and 725.
25
What is the greatest common divisor of 7935 and 15?
15
What is the highest common factor of 23268 and 84?
84
What is the greatest common divisor of 229 and 4122?
229
What is 